= 8*j - 1. Determine d(-2).
-17
Let d(t) = t**3 - 11*t**2 + 21*t. Calculate d(9).
27
Let o(y) = -5*y**3 - 2*y**2 - 7*y + 10. What is o(1)?
-4
Let s(c) = -6*c - 21. Determine s(-4).
3
Let m(s) = -2*s + 1. Determine m(-7).
15
Let l(f) = -3*f**3 + 44*f**2 + 14*f + 11. What is l(15)?
-4
Let n(t) = 17*t - 65. Calculate n(6).
37
Let i(x) = 4*x - 27. What is i(8)?
5
Let x(o) = -3*o - 2. What is x(-5)?
13
Let x(r) = -31*r**3 + 2*r**2 - 3*r - 2. Determine x(-1).
34
Let h(n) = n**2 + 10*n - 3. Calculate h(-12).
21
Let s(d) = -d**3 + 2*d**2 - 7*d + 5. Calculate s(-5).
215
Let m(s) = s**3 + 7*s**2 - 18*s - 73. Give m(-3).
17
Let x(q) = 108*q - 434. What is x(4)?
-2
Let o(x) = -27*x + 67. Calculate o(6).
-95
Let i(p) = -p**3 + 2*p**2 + 5*p - 4. What is i(3)?
2
Let j(n) = -n**3 - 5*n**2 - 6*n - 10. What is j(-4)?
-2
Let t(n) = 4*n - 46. What is t(-23)?
-138
Let s(y) = -y**3 + 7*y**2 + y - 7. Determine s(7).
0
Let w(i) = i**3 - 8*i**2 - 8*i - 19. What is w(10)?
101
Let i(w) = -w**3 - w**2 + w + 12. What is i(0)?
12
Let z(k) = 3*k**2 + 27*k + 16. What is z(-8)?
-8
Let g(t) = 3*t + 25. Give g(-7).
4
Let w(l) = -4*l**2 + 37*l + 26. Give w(10).
-4
Let i(p) = -p**3 - 11*p**2 - 11*p + 24. What is i(-10)?
34
Let r(l) = 51*l + 1. Calculate r(-1).
-50
Let v(i) = -i**3 - 7*i**2 - 5*i - 38. What is v(-7)?
-3
Let p(r) = -r**2 - 8*r - 16. What is p(-2)?
-4
Let n(i) = i**2 + 6*i - 20. Calculate n(-9).
7
Let v(s) = s**3 - 2*s**2 + s + 7. What is v(0)?
7
Let y(a) = -5*a + 7. Give y(4).
-13
Let s(h) = h**3 + 9*h**2 - 21*h + 7. Calculate s(-11).
-4
Let p(c) = -c**2 - 37*c - 231. Calculate p(-8).
1
Let m(k) = -2*k**2 - 14*k - 9. Give m(-6).
3
Let c(r) = -5*r - 20. Calculate c(-15).
55
Let h(b) = b**3 - 3*b**2 - 2*b + 1. Give h(0).
1
Let g(a) = -a**3 - 28*a**2 + 94*a + 24. Give g(-31).
-7
Let q(i) = i. Give q(-12).
-12
Let p(a) = a**3 - 3*a**2 - 10. Calculate p(5).
40
Let x(z) = -z**2 - 13*z - 12. Give x(-9).
24
Let p(c) = 2*c**2 - 4*c. Give p(4).
16
Let w(v) = -6*v**2 + 2*v - 2. Give w(1).
-6
Let m(i) = -5*i**3 - 3*i**2 - 5*i - 4. Give m(-1).
3
Let t(r) = -r**3 + 21*r**2 - 16*r - 15. Give t(20).
65
Let d(g) = 4*g**2 - 17*g + 31. Calculate d(2).
13
Let h(f) = f**3 - 3*f**2 - 2*f - 14. Calculate h(4).
-6
Let n(x) = -2*x**3 + 27*x**2 + 18*x - 21. Determine n(14).
35
Let f(t) = -t**3 + 8*t**2 + 12*t + 5. Determine f(9).
32
Let n(h) = h + 13. Determine n(-11).
2
Let q(k) = 2*k**2 - 24*k + 27. Calculate q(11).
5
Let m(x) = -6*x**3 - 4*x**2 + 2*x + 1. Determine m(2).
-59
Let n(c) = c**2 - 28*c + 195. Give n(12).
3
Let n(p) = -p**3 + 20*p**2 - p + 20. Calculate n(20).
0
Let p(y) = -5*y**2 - 2*y - 2. What is p(-2)?
-18
Let q(y) = y**3 - 4*y**2 - 6*y - 5. Give q(6).
31
Let p(g) = -g**3 + 6*g**2 + 2*g - 7. Determine p(6).
5
Let a(v) = 71*v**3 + v**2 - 2. Determine a(-1).
-72
Let w(k) = -4*k - 1. Determine w(-7).
27
Let n(w) = 27*w - 214. Determine n(8).
2
Let h(z) = 71*z - 848. Calculate h(12).
4
Let i(l) = l**2 + 5*l - 38. Determine i(-9).
-2
Let r(a) = -a**2 + 53. Give r(-8).
-11
Let y(c) = -2*c**3 - 3*c**2 + 3*c - 4. Give y(-3).
14
Let d(a) = 27*a + 208. What is d(-8)?
-8
Let y(b) = -b**2 + 8*b + 11. Give y(12).
-37
Let j(b) = -b**3 + 10*b**2 - 8*b - 8. What is j(7)?
83
Let m(q) = q**3 + 26*q**2 + 3*q + 77. Calculate m(-26).
-1
Let i(s) = 6*s + 22. Calculate i(-10).
-38
Let u(w) = -w + 2. Determine u(-5).
7
Let a(g) = g**3 - g**2 + 3*g + 1. Calculate a(3).
28
Let o(c) = -c**3 + 2*c + 1. Give o(2).
-3
Let c(n) = n**2 + 2*n + 14. What is c(0)?
14
Let d(x) = -x**3 - 8*x**2 - 2*x - 10. What is d(-8)?
6
Let d(j) = -j + 4. Give d(8).
-4
Let v(a) = a**3 + 15*a**2 - 17*a + 10. Calculate v(-16).
26
Let g(n) = -17*n - 3. Determine g(4).
-71
Let u(h) = h**3 + 11*h**2 + 5*h - 22. Give u(-10).
28
Let x(k) = -2*k + 1. Give x(-1).
3
Let p(m) = -6*m - 99. Calculate p(-17).
3
Let b(j) = -6*j**2 + 3*j - 2. Determine b(3).
-47
Let c(r) = -r**2 + 14*r - 63. Give c(0).
-63
Let d(u) = -u**3 + 4*u**2 - u + 8. Determine d(4).
4
Let x(t) = 3*t - 17. Give x(9).
10
Let f(x) = 11*x**3 + 2*x**2 + 2*x - 3. Determine f(1).
12
Let r(t) = 5*t + 86. What is r(-17)?
1
Let k(y) = y**3 - 11*y**2 - 27*y. Give k(13).
-13
Let x(j) = -j**2 + 2*j + 12. Calculate x(4).
4
Let m(z) = -z**2 + 9*z + 3. Calculate m(8).
11
Let m(d) = -d**3 - 8*d**2 + 6*d - 15. Give m(-9).
12
Let k(b) = -b**3 - 7*b**2 - 6*b + 10. Give k(-6).
10
Let l(i) = -i**2 - 19. Calculate l(0).
-19
Let l(b) = b - 26. Calculate l(10).
-16
Let z(j) = -9*j**2 + 5*j - 7. Give z(4).
-131
Let m(w) = 5*w**3 - 10*w + 9. Calculate m(1).
4
Let i(s) = -2*s**2 - 3*s + 61. Give i(-6).
7
Let t(r) = 31*r - 1. Give t(-3).
-94
Let u(a) = -5*a - 5. Calculate u(6).
-35
Let c(q) = -q**2 - 22*q + 40. What is c(-23)?
17
Let u(p) = p**2 - 12*p - 175. Determine u(-9).
14
Let o(p) = p**3 + 6*p**2 - 14*p + 8. Determine o(-8).
-8
Let a(d) = 9*d - 41. What is a(9)?
40
Let s(w) = -w**2 - 12*w + 14. Calculate s(-11).
25
Let h(o) = -o**3 - 14*o**2 + 2*o + 19. Calculate h(-14).
-9
Let l(s) = -11*s + 51. Determine l(4).
7
Let i(b) = -b**3 - 5*b**2 - 4*b + 4. Calculate i(-5).
24
Let z(j) = -4*j + 4. Determine z(4).
-12
Let v(a) = a**3 - 7*a**2 - a - 9. Calculate v(7).
-16
Let b(y) = y**2 - 10*y + 10. Determine b(6).
-14
Let m(h) = 4*h - 23. Determine m(2).
-15
Let z(x) = x**2 - 2*x - 55. Determine z(-7).
8
Let h(c) = c**3 + 11*c**2 - 63*c - 21. Determine h(-15).
24
Let g(z) = -8*z**2 - 3*z - 3. What is g(-1)?
-8
Let j(q) = -q**2 - 16*q - 57. Calculate j(-9).
6
Let a(t) = -t**2 + t + 8. Calculate a(-4).
-12
Let k(y) = -y**3 - y**2 + 7*y - 2. Calculate k(-5).
63
Let r(b) = 2*b - 29. Determine r(15).
1
Let v(h) = -4*h + 11. Give v(10).
-29
Let j(x) = -x**3 - 5*x**2 + 8*x + 9. Determine j(-6).
-3
Let c(w) = 3*w - 33. Calculate c(11).
0
Let i(a) = -a**2 - 10*a - 15. What is i(-8)?
1
Let w(h) = -h**3 - 9*h**2 + 7*h + 14. Give w(-10).
44
Let y(l) = 9*l**3 + 2*l**2 + 5*l - 6. Calculate y(1).
10
Let u(a) = -a**3 - 18*a**2 - 71*a + 46. Determine u(-7).
4
Let p(t) = -3*t**2 + 8*t + 23. What is p(-2)?
-5
Let t(f) = -4*f**2 + 6*f + 12. Give t(-5).
-118
Let v(b) = b**3 - b**2 - 13*b + 1. What is v(-3)?
4
Let k(t) = 13*t**3 - 3*t - 2. Determine k(-1).
-12
Let h(l) = l**3 + 7*l**2 - 14*l - 38. What is h(-8)?
10
Let v(g) = g**2 + 12*g + 12. What is v(-14)?
40
Let m(t) = -t**3 - 7*t**2 + t + 2. Give m(-7).
-5
Let h(p) = p - 30. Give h(26).
-4
Let l(n) = 7*n - 17. Give l(12).
67
Let m(d) = d + 8. What is m(-6)?
2
Let m(p) = p**2 - 8*p + 11. What is m(5)?
-4
Let h(q) = 2*q**3 - 3*q**2 + 5. Determine h(-3).
-76
Let d(f) = f**2 + 14*f + 3. Calculate d(-15).
18
Let s(m) = m**3 - 8*m**2 + 8*m + 7. Calculate s(7).
14
Let c(j) = -8*j - 22. Determine c(-3).
2
Let g(s) = -s**3 + s**2 + s + 1. Calculate g(-2).
11
Let f(q) = -q + 3. Determine f(4).
-1
Let a(v) = -v**3 + 6*v**2 - 12*v + 1. What is a(5)?
-34
Let q(b) = 2*b - 32. Determine q(12).
-8
Let j(i) = -i**2 + 7*i + 32. Give j(-9).
-112
Let q(t) = t**3 + 12*t**2 + 30*t + 22. What is q(-9)?
-5
Let g(a) = a**3 + 4*a**2 - 4*a + 5. Calculate g(-4).
21
Let l(q) = q - 3. Determine l(3).
0
Let g(k) = 71*k**3 - k**2 + k. Give g(1).
71
Let y(i) = 14*i - 29. What is y(3)?
13
Let v(l) = 19*l - 145. What is v(7)?
-12
Let j(d) = 6*d - 63. Give j(18).
45
Let f(d) = d + 19. Give f(3).
22
Let q(u) = 7*u + 28. Calculate q(-5).
-7
Let w(x) = -8*x + 2. What is w(-5)?
42
Let p(t) = -t**3 + 3*t**2 - 3*t + 1. What is p(2)?
-1
Let d(x) = 4*x**2 + 78*x - 36. Calculate d(-20).
4
Let x(b) = 3*b**2 + 13*b + 12. Calculate x(-6).
42
Let n(x) = -38*x - 6. Give n(-2).
70
Let n(w) = -6*w + 166. Determine n(30).
-14
Let t(o) = -2*o - 11. What is t(5)?
-21
Let o(c) = 8*c - 17. Give o(-6).
-65
Let g(j) = j**3 - 7*j**2 + 9*j + 2. What is g(3)?
-7
Let l(k) = 22*k**2 + 661*k + 24. Calculate l(-30).
-6
Let g(k) = 4*k**2 - 40*k - 6. Determine g(11).
38
Let n(t) = t**3 + 6*t**2 - 10*t + 4. Calculate n(-8).
-44
Let w(j) = -j**3 + 12*j**2 + 47*j - 13. What is w(15)?
17
Let i(l) = -l**3 + 12*l**2 - 12*l + 4. Calculate i(11).
-7
Let k(z) = 32*z - 265. Determine k(8).
-9
Let f(i) = -i**2 - 10*i + 10. What is f(-10)?
10
Let o(w) = w**3 + 15*w**2 + 16*w + 2. Determine o(-14).
-26
Let f(n) = -n**3 + 15*n**2 - 14*n + 4. Determine f(14).
4
Let z(i) = -i + 10. Calculate z(9).
1
Let v(h) = h**3 - h**2 - 2*h - 7. What